{"id":15072,"date":"2026-04-13T15:25:09","date_gmt":"2026-04-13T15:25:09","guid":{"rendered":"https:\/\/muntime.muninfor.com\/index.php\/contacto\/"},"modified":"2026-04-13T15:41:29","modified_gmt":"2026-04-13T15:41:29","slug":"contacto","status":"publish","type":"page","link":"https:\/\/muntime.muninfor.com\/index.php\/contacto\/","title":{"rendered":"Contacto"},"content":{"rendered":"\t\t<div data-elementor-type=\"wp-page\" data-elementor-id=\"15072\" class=\"elementor elementor-15072\">\n\t\t\t\t<div class=\"elementor-element elementor-element-d59f263 e-con-boxed e-flex e-con e-parent\" data-id=\"d59f263\" data-element_type=\"container\" data-e-type=\"container\" data-settings=\"{&quot;background_background&quot;:&quot;classic&quot;}\">\n\t\t\t\t\t<div class=\"e-con-inner\">\n\t\t<div class=\"elementor-element elementor-element-af22581 e-con-full e-flex e-con e-parent\" data-id=\"af22581\" data-element_type=\"container\" data-e-type=\"container\">\n\t\t\t\t<div class=\"elementor-element elementor-element-ba9fc8a elementor-widget elementor-widget-text-editor\" data-id=\"ba9fc8a\" data-element_type=\"widget\" data-e-type=\"widget\" data-widget_type=\"text-editor.default\">\n\t\t\t\t\t\t\t\t\t<span style=\"display:inline-block;padding:8px 13px;border-radius:999px;background:#fff;color:#0f172a;font-size:12px;font-weight:800;\">Solicitar demo<\/span>\t\t\t\t\t\t\t\t<\/div>\n\t\t\t\t<div class=\"elementor-element elementor-element-4e36efb elementor-widget elementor-widget-heading\" data-id=\"4e36efb\" data-element_type=\"widget\" data-e-type=\"widget\" data-widget_type=\"heading.default\">\n\t\t\t\t\t<h1 class=\"elementor-heading-title elementor-size-default\">Conoce c\u00f3mo puede ayudarte MUNTIME a mejorar el control horario y la gesti\u00f3n del personal<\/h1>\t\t\t\t<\/div>\n\t\t\t\t<div class=\"elementor-element elementor-element-08e5f01 elementor-widget elementor-widget-text-editor\" data-id=\"08e5f01\" data-element_type=\"widget\" data-e-type=\"widget\" data-widget_type=\"text-editor.default\">\n\t\t\t\t\t\t\t\t\t<p style=\"color:#cbd5e1;font-size:20px;\">Te mostraremos c\u00f3mo funciona la plataforma y c\u00f3mo puede adaptarse a tu empresa.<\/p>\t\t\t\t\t\t\t\t<\/div>\n\t\t\t\t<\/div>\n\t\t<div class=\"elementor-element elementor-element-345fb46 e-con-full e-flex e-con e-parent\" data-id=\"345fb46\" data-element_type=\"container\" data-e-type=\"container\" data-settings=\"{&quot;background_background&quot;:&quot;classic&quot;}\">\n\t\t\t\t<div class=\"elementor-element elementor-element-cbb2208 elementor-widget elementor-widget-heading\" data-id=\"cbb2208\" data-element_type=\"widget\" data-e-type=\"widget\" data-widget_type=\"heading.default\">\n\t\t\t\t\t<h3 class=\"elementor-heading-title elementor-size-default\">Solicitar demo<\/h3>\t\t\t\t<\/div>\n\t\t\t\t<div class=\"elementor-element elementor-element-71913da elementor-widget elementor-widget-text-editor\" data-id=\"71913da\" data-element_type=\"widget\" data-e-type=\"widget\" data-widget_type=\"text-editor.default\">\n\t\t\t\t\t\t\t\t\t<p>Rellena el formulario y nos pondremos en contacto contigo.<\/p><p><em>Aqu\u00ed puedes a\u00f1adir un widget de formulario (WPForms, Contact Form 7, etc.)<\/em><\/p>\t\t\t\t\t\t\t\t<\/div>\n\t\t\t\t<div class=\"elementor-element elementor-element-488e054 elementor-button-default elementor-widget elementor-widget-button\" data-id=\"488e054\" data-element_type=\"widget\" data-e-type=\"widget\" data-widget_type=\"button.default\">\n\t\t\t\t\t\t\t\t\t\t<a class=\"elementor-button elementor-button-link elementor-size-sm\" href=\"\/contacto\/\">\n\t\t\t\t\t\t<span class=\"elementor-button-content-wrapper\">\n\t\t\t\t\t\t\t\t\t<span class=\"elementor-button-text\">Solicitar demo<\/span>\n\t\t\t\t\t<\/span>\n\t\t\t\t\t<\/a>\n\t\t\t\t\t\t\t\t<\/div>\n\t\t\t\t<\/div>\n\t\t\t\t\t<\/div>\n\t\t\t\t<\/div>\n\t\t\t\t<\/div>\n\t\t","protected":false},"excerpt":{"rendered":"<p>Solicitar demo Conoce c\u00f3mo puede ayudarte MUNTIME a mejorar el control horario y la gesti\u00f3n del personal Te mostraremos c\u00f3mo funciona la plataforma y c\u00f3mo puede adaptarse a tu empresa. Solicitar demo Rellena el formulario y nos pondremos en contacto contigo.<\/p>\n","protected":false},"author":1,"featured_media":0,"parent":0,"menu_order":0,"comment_status":"closed","ping_status":"closed","template":"template-contacto.php","meta":{"footnotes":""},"class_list":["post-15072","page","type-page","status-publish","hentry"],"yoast_head":"<!-- This site is optimized with the Yoast SEO plugin v27.3 - https:\/\/yoast.com\/product\/yoast-seo-wordpress\/ -->\n<title>Contacto - Muntime<\/title>\n<meta name=\"robots\" content=\"index, follow, max-snippet:-1, max-image-preview:large, max-video-preview:-1\" \/>\n<link rel=\"canonical\" href=\"https:\/\/muntime.muninfor.com\/index.php\/contacto\/\" \/>\n<meta property=\"og:locale\" content=\"es_ES\" \/>\n<meta property=\"og:type\" content=\"article\" \/>\n<meta property=\"og:title\" content=\"Contacto - Muntime\" \/>\n<meta property=\"og:description\" content=\"Solicitar demo Conoce c\u00f3mo puede ayudarte MUNTIME a mejorar el control horario y la gesti\u00f3n del personal Te mostraremos c\u00f3mo funciona la plataforma y c\u00f3mo puede adaptarse a tu empresa. Solicitar demo Rellena el formulario y nos pondremos en contacto contigo.\" \/>\n<meta property=\"og:url\" content=\"https:\/\/muntime.muninfor.com\/index.php\/contacto\/\" \/>\n<meta property=\"og:site_name\" content=\"Muntime\" \/>\n<meta property=\"article:modified_time\" content=\"2026-04-13T15:41:29+00:00\" \/>\n<meta name=\"twitter:card\" content=\"summary_large_image\" \/>\n<script type=\"application\/ld+json\" class=\"yoast-schema-graph\">{\"@context\":\"https:\\\/\\\/schema.org\",\"@graph\":[{\"@type\":\"WebPage\",\"@id\":\"https:\\\/\\\/muntime.muninfor.com\\\/index.php\\\/contacto\\\/\",\"url\":\"https:\\\/\\\/muntime.muninfor.com\\\/index.php\\\/contacto\\\/\",\"name\":\"Contacto - Muntime\",\"isPartOf\":{\"@id\":\"https:\\\/\\\/muntime.muninfor.com\\\/#website\"},\"datePublished\":\"2026-04-13T15:25:09+00:00\",\"dateModified\":\"2026-04-13T15:41:29+00:00\",\"breadcrumb\":{\"@id\":\"https:\\\/\\\/muntime.muninfor.com\\\/index.php\\\/contacto\\\/#breadcrumb\"},\"inLanguage\":\"es\",\"potentialAction\":[{\"@type\":\"ReadAction\",\"target\":[\"https:\\\/\\\/muntime.muninfor.com\\\/index.php\\\/contacto\\\/\"]}]},{\"@type\":\"BreadcrumbList\",\"@id\":\"https:\\\/\\\/muntime.muninfor.com\\\/index.php\\\/contacto\\\/#breadcrumb\",\"itemListElement\":[{\"@type\":\"ListItem\",\"position\":1,\"name\":\"Portada\",\"item\":\"https:\\\/\\\/muntime.muninfor.com\\\/\"},{\"@type\":\"ListItem\",\"position\":2,\"name\":\"Contacto\"}]},{\"@type\":\"WebSite\",\"@id\":\"https:\\\/\\\/muntime.muninfor.com\\\/#website\",\"url\":\"https:\\\/\\\/muntime.muninfor.com\\\/\",\"name\":\"Muntime\",\"description\":\"\",\"potentialAction\":[{\"@type\":\"SearchAction\",\"target\":{\"@type\":\"EntryPoint\",\"urlTemplate\":\"https:\\\/\\\/muntime.muninfor.com\\\/?s={search_term_string}\"},\"query-input\":{\"@type\":\"PropertyValueSpecification\",\"valueRequired\":true,\"valueName\":\"search_term_string\"}}],\"inLanguage\":\"es\"}]}<\/script>\n<!-- \/ Yoast SEO plugin. -->","yoast_head_json":{"title":"Contacto - Muntime","robots":{"index":"index","follow":"follow","max-snippet":"max-snippet:-1","max-image-preview":"max-image-preview:large","max-video-preview":"max-video-preview:-1"},"canonical":"https:\/\/muntime.muninfor.com\/index.php\/contacto\/","og_locale":"es_ES","og_type":"article","og_title":"Contacto - Muntime","og_description":"Solicitar demo Conoce c\u00f3mo puede ayudarte MUNTIME a mejorar el control horario y la gesti\u00f3n del personal Te mostraremos c\u00f3mo funciona la plataforma y c\u00f3mo puede adaptarse a tu empresa. Solicitar demo Rellena el formulario y nos pondremos en contacto contigo.","og_url":"https:\/\/muntime.muninfor.com\/index.php\/contacto\/","og_site_name":"Muntime","article_modified_time":"2026-04-13T15:41:29+00:00","twitter_card":"summary_large_image","schema":{"@context":"https:\/\/schema.org","@graph":[{"@type":"WebPage","@id":"https:\/\/muntime.muninfor.com\/index.php\/contacto\/","url":"https:\/\/muntime.muninfor.com\/index.php\/contacto\/","name":"Contacto - Muntime","isPartOf":{"@id":"https:\/\/muntime.muninfor.com\/#website"},"datePublished":"2026-04-13T15:25:09+00:00","dateModified":"2026-04-13T15:41:29+00:00","breadcrumb":{"@id":"https:\/\/muntime.muninfor.com\/index.php\/contacto\/#breadcrumb"},"inLanguage":"es","potentialAction":[{"@type":"ReadAction","target":["https:\/\/muntime.muninfor.com\/index.php\/contacto\/"]}]},{"@type":"BreadcrumbList","@id":"https:\/\/muntime.muninfor.com\/index.php\/contacto\/#breadcrumb","itemListElement":[{"@type":"ListItem","position":1,"name":"Portada","item":"https:\/\/muntime.muninfor.com\/"},{"@type":"ListItem","position":2,"name":"Contacto"}]},{"@type":"WebSite","@id":"https:\/\/muntime.muninfor.com\/#website","url":"https:\/\/muntime.muninfor.com\/","name":"Muntime","description":"","potentialAction":[{"@type":"SearchAction","target":{"@type":"EntryPoint","urlTemplate":"https:\/\/muntime.muninfor.com\/?s={search_term_string}"},"query-input":{"@type":"PropertyValueSpecification","valueRequired":true,"valueName":"search_term_string"}}],"inLanguage":"es"}]}},"_links":{"self":[{"href":"https:\/\/muntime.muninfor.com\/index.php\/wp-json\/wp\/v2\/pages\/15072","targetHints":{"allow":["GET"]}}],"collection":[{"href":"https:\/\/muntime.muninfor.com\/index.php\/wp-json\/wp\/v2\/pages"}],"about":[{"href":"https:\/\/muntime.muninfor.com\/index.php\/wp-json\/wp\/v2\/types\/page"}],"author":[{"embeddable":true,"href":"https:\/\/muntime.muninfor.com\/index.php\/wp-json\/wp\/v2\/users\/1"}],"replies":[{"embeddable":true,"href":"https:\/\/muntime.muninfor.com\/index.php\/wp-json\/wp\/v2\/comments?post=15072"}],"version-history":[{"count":1,"href":"https:\/\/muntime.muninfor.com\/index.php\/wp-json\/wp\/v2\/pages\/15072\/revisions"}],"predecessor-version":[{"id":15092,"href":"https:\/\/muntime.muninfor.com\/index.php\/wp-json\/wp\/v2\/pages\/15072\/revisions\/15092"}],"wp:attachment":[{"href":"https:\/\/muntime.muninfor.com\/index.php\/wp-json\/wp\/v2\/media?parent=15072"}],"curies":[{"name":"wp","href":"https:\/\/api.w.org\/{rel}","templated":true}]}}